e 175 = y + 4*y. What is the units digit of 10/y + 122/14?
9
Let g = -17 + 157. What is the hundreds digit of g?
1
Suppose -3*c - 6 = -6*c. Let m(l) = 5*l**2 + 0 - 5 + 5. What is the tens digit of m(c)?
2
Let j(p) = -2*p**2 + 13*p - 2. Let s be j(6). What is the units digit of -3 + s/4 - -9?
7
Let q = -325 - -593. What is the units digit of q/20 - 4/10?
3
Let z = 16 + -10. Let l(u) = 10*u**3 + 5*u**2 - u + z*u**3 - 4*u**2. What is the tens digit of l(1)?
1
Let n(c) = -c**2 - 10*c - 7. Let t be n(-9). Suppose 0 = 4*a - q - t - 11, 3*q = -a. What is the units digit of a?
3
Let y = -403 + 738. What is the units digit of y?
5
Let s(d) be the third derivative of d**6/120 + d**5/20 - d**4/4 - d**3/2 - 5*d**2. What is the units digit of s(-4)?
5
Let q be -1 + 8/(-2*1). Let w = 16 + -18. Let j = w - q. What is the units digit of j?
3
Suppose -303 = -15*s + 12*s. Suppose q - 7 = -4*x, 2*q = -q + 4*x + s. What is the units digit of q?
7
Suppose 6*h - 72 = 3*h. What is the units digit of h?
4
Let y(d) = -10*d - 84. Let k(w) = 1. Let i(u) = -2*k(u) + y(u). Let t(n) = 3*n + 29. Let a(z) = 2*i(z) + 7*t(z). What is the tens digit of a(-14)?
1
Suppose 0 = -3*r + 38 + 121. What is the units digit of r?
3
Suppose -5*n + 4*n = -6. Let h(q) = q**3 - 6*q**2 + 2*q - 9. Let u be h(n). Suppose 4*f - u = 1. What is the units digit of f?
1
Let u be 2 - -1*-2*1. Suppose u*d - 2*d = 5*b + 9, 0 = -2*b - 2*d. What is the units digit of b/2*(-2 - 0)?
3
Let x(f) = 30*f. Let r be x(2). Suppose 0 = -p - 2, 0 = -5*g + 5*p - r + 195. What is the tens digit of g?
2
Suppose -10 = l + l. Let u(k) = -k**2 - 5*k + 3. Let r be u(l). Suppose 5 = 2*x + r*x. What is the units digit of x?
1
Suppose -9*l - 20 = -13*l. Suppose l*m - m = 5*g - 157, 2*m = -g + 37. What is the tens digit of g?
3
Let s be 0/(-5) - 6*1. Let w = -4 - s. What is the units digit of w?
2
Let l = 15 + -5. Let z = -5 + l. Suppose 27 = z*h - 2*h. What is the units digit of h?
9
Suppose 2*h + 101 = 3*a + 270, -4*a - 4 = 0. What is the tens digit of h?
8
Suppose -c = 2*c - 12. Suppose -11 = -5*h + 4*g + c, -h + 5*g + 3 = 0. What is the units digit of h?
3
Suppose -l = -4*l. Suppose l = 6*y - 2*y - 108. What is the tens digit of y?
2
Let z be -3 - (0 - (5 - 3)). Let a(j) = 7*j + 1. Let y be a(z). What is the units digit of (2/y)/((-5)/225)?
5
Let w be 2 + -3 + 0 + 3 + -2. Suppose 0 = 5*b + 2*q - 8 - 15, -5*b = -q - 11. What is the units digit of w - (b + -3) - -3?
3
Suppose 4*h + 6*k - 4*k = -24, -2*h = -k + 4. What is the units digit of 2*9/(-24)*h?
3
Let o be 3/(3*(-2)/(-6)). Suppose 0 = 5*r - 8*r - o. What is the units digit of (r/(-2))/((-2)/(-20))?
5
Let p = 135 + -58. What is the units digit of p?
7
Let b = -14 - -9. Suppose 0 = 2*h - 5*l - 11, -7*h - 2*l = -2*h - 42. Let t = b + h. What is the units digit of t?
3
Let z = 52 + -25. What is the units digit of z?
7
Let h = -35 + 16. Let n = -3 - h. What is the units digit of n?
6
Suppose 5*s + 951 = 3*r + 193, -5*r - 4*s = -1288. What is the hundreds digit of r?
2
Suppose -5*s = -10*s + 5. What is the units digit of s?
1
Let c(i) = i - 5. Let x be c(7). Suppose 3*n + 80 = k + 4*k, 3*n + 32 = x*k. What is the units digit of k?
6
Let u(l) = -l**2 + 14*l - 13. What is the units digit of u(12)?
1
Let f = 21 + -12. Suppose -4*s = 4*y - f*y + 22, 4*s = -y + 14. What is the units digit of y?
6
Suppose -4*n + 35 = 2*h + 11, 2*h + n - 33 = 0. What is the units digit of 40/18 - 4/h?
2
Let r = -3 - -4. Let z be 0*(r + 0)*-1. Suppose z = -2*d + 2. What is the units digit of d?
1
Let v(t) = t**3 + 2*t**2 - 2*t - 1. Let g be v(-2). Suppose -g*p = p - 28. What is the units digit of p?
7
Suppose -i = 3*i. Suppose i = -3*l + 2*l + 1. What is the units digit of l?
1
Suppose p - 21 = -5*n, -7 = 4*n + 4*p - 27. What is the units digit of n?
4
Let x(m) = 3*m - 9. Let o be (-4)/((-8)/26) + -3. What is the tens digit of x(o)?
2
Let o be ((-1)/(-2) - -1)*-4. Let k = 5 + o. What is the units digit of -7*3/(-3) - k?
8
What is the tens digit of (8/4)/((-9)/(756/(-8)))?
2
Let x(q) = 2*q + 2 - 2 - 2. What is the units digit of x(4)?
6
Suppose 2*o + 3*o + 4*f = 171, o + 4*f - 47 = 0. What is the tens digit of o?
3
Let i = -1 + 3. What is the units digit of i?
2
Let k = 102 + -82. What is the tens digit of k?
2
Let j be ((-3 + -1)/(-1))/(-1). Let d(s) = -s**3 - 5*s**2 - 5*s - 4. Let i be d(j). What is the units digit of (-14)/(i + 1 + -3)?
7
Let n be (-2 + -2)/(1/1). Let u(m) = -m**2 - 4*m - 1 + 3 - m. What is the units digit of u(n)?
6
Let m be -2 - -8 - 6/3. Suppose m*a - 33 = a. What is the units digit of a?
1
What is the units digit of 80/2*(-3 + 5)?
0
Let j = 13 - 11. Suppose j + 14 = 4*l. What is the units digit of l?
4
Let y(v) = -v**2 - 1. Let u(s) = -s + 5*s**2 - s + 2 + s - 2*s**3 + 4*s. Let r(i) = -u(i) - 5*y(i). What is the tens digit of r(2)?
1
Suppose 0 = n + 2*n + 9. What is the units digit of n/(-4 + 3) + 0?
3
Let x(g) = -5*g**3 + g. Let b(m) = -m**2 - 5*m - 1. Let s be b(-5). What is the units digit of x(s)?
4
Let q(h) = -3*h - 4*h + 0*h - 4*h. Let c be q(-4). Suppose c = 4*y - 20. What is the units digit of y?
6
Suppose -2*x = 2*d + x - 109, 5*d = -3*x + 295. What is the tens digit of d?
6
Suppose 8 = -4*j + 2*j + 4*x, -5*x = 15. Let t be (4/j)/(2/(-20)). Let c = 6 - t. What is the units digit of c?
2
Suppose -225 = -c - 8*c. What is the units digit of c?
5
Let u = -614 + 903. What is the units digit of u?
9
Let r(g) = -2*g**2 - 2*g - 2. Let z be r(-2). What is the tens digit of ((-26)/(-4))/((-3)/z)?
1
Let b(r) = -7*r**3 + 9*r**2 - 15*r - 2. Let y(x) = -20*x**3 + 27*x**2 - 44*x - 6. Let o(k) = 17*b(k) - 6*y(k). What is the units digit of o(8)?
0
Let i = 103 - 45. What is the units digit of i?
8
Suppose -5*m + 38 - 13 = 0. Suppose 2*a + 8 = -3*t - 16, -m*t - 20 = 0. What is the units digit of (2/4)/((-3)/a)?
1
Suppose y - 134 = -3*t, -67 = -3*t - 2*y + 72. What is the tens digit of t?
4
Suppose -3*a - 70 = 38. What is the units digit of a*5/(15/(-2))?
4
Suppose -39 = 9*y - 300. What is the tens digit of y?
2
Suppose 0 = 2*a - 3*d - 17, 16 + 2 = 3*a - 3*d. Suppose -21 = j - 0*j. What is the units digit of (a/3)/((-1)/j)?
7
Let o(p) = 4*p + 10. Let d be o(11). Suppose -a - a + d = 0. What is the tens digit of a?
2
Suppose 0 = -7*y + 3*y. Suppose y*s - 3*s = -12. What is the units digit of s?
4
Suppose 3*g + 0*z = z - 166, 3*g + 142 = -5*z. Let p = g - -87. What is the tens digit of p?
3
Suppose 46 = -5*b - 2*j + 277, 4*b - 5*j = 198. Let x = b + -28. What is the units digit of x?
9
Suppose 5 - 14 = 3*l. What is the units digit of (-2 - -4) + (-3 - l)?
2
Let h(v) = 3 - 2*v**3 + 2*v**3 - 8*v - v**3 + 9*v**2. Let k be h(8). Suppose -8 = -3*y + 4*x - k, 5*y = x + 31. What is the units digit of y?
7
What is the tens digit of 288/80*(49 - -1)?
8
Let g(s) = -s**2 + 3*s + 4. Let z be g(3). Let y = 1 + z. Suppose 3*d = -3*i + 9, 0 = y*i - 3*d + 2*d - 27. What is the units digit of i?
5
Let a be ((-12)/(-9))/(1/(-12)). Let m = a + 34. Suppose 0 = 5*f - 2 - m. What is the units digit of f?
4
What is the tens digit of 7*(-20)/12*-3?
3
Let b be 64/28 - (-6)/(-21). Suppose 0 = -b*u - 4 + 32. What is the units digit of u?
4
Let f(c) be the third derivative of c**5/60 - c**4/8 - c**3/2 - c**2. What is the units digit of f(-2)?
7
What is the tens digit of -7 - -356 - (0 - -3)?
4
Let m(h) = -h**3 + h**2 - h + 1. Let p(l) = -2*l + 3*l**3 - l**2 - 1 + 0*l + 3*l. Let o(t) = -5*m(t) - 2*p(t). What is the units digit of o(-4)?
1
Suppose 0*j - 5*j = 10. Let h be 2 + 0*j/(-6). Suppose -s - h + 5 = 0. What is the units digit of s?
3
Suppose -5*g + 0 = -10. Suppose -g*i - 3*i = -110. What is the tens digit of i?
2
Let d = 32 + -23. Suppose -2*y - d = -5*y. What is the units digit of y?
3
Let m(u) = 12*u - 3 + u**2 - 4*u + 2*u. What is the units digit of m(-11)?
8
Let u(c) = -24*c - 4. What is the units digit of u(-2)?
4
Suppose 2*y - 219 = 3*u, u - 490 = -5*y - 3*u. What is the hundreds digit of y?
1
Let v = 1 + 51. What is the units digit of v?
2
Let z = -16 - -85. Suppose -2*s - s = -z. What is the tens digit of s?
2
Let r(a) = -a**3 - 3*a**2 - 6*a - 65. What is the tens digit of r(-6)?
7
Suppose -4*t + 38 = -2*w, 5*t = w + 18 + 13. Let c = w + 23. What is the tens digit of c?
1
Suppose 0*x + 2*x - 10 